140 - (1 + -3 - 7 - 2).
-133
(20 - 3 - 7 - (-26 + 9)) + 3
30
(223 - (-181 - -319)) + -2 + 1 + (15 - -1)
100
What is 0 - (-11 - 2) - 1 - (23 + -1)?
-10
What is the value of (111 - (109 + -13)) + (7 - 0)?
22
Evaluate -1181 + 1116 - (4 + 1).
-70
What is 58 + -54 + 32 + -107?
-71
What is 65 + -121 + 60 - (43 + -2)?
-37
What is (-8 - -10) + -1 + 0 + -10 - (-94 + 96)?
-11
Evaluate 17 + -1 + 0 + -6422 + 6375 + (3 - -1).
-27
17 + 20 + -6 + (-36 - -28)
23
What is the value of -66 + (13 + 1 - (289 - 295))?
-46
21 + 8 + -1 + -24 + 29 + 2
35
Calculate -92 + (72 - 41) + -8.
-69
What is (0 - 19) + (-444 - -452)?
-11
-6 + (-24 - 0) + (-28 - -29) + (1 - -4)
-24
What is the value of -39 + 18 + 9 + 1?
-11
What is -44 - -131 - (26 + 19)?
42
Calculate (-3 - -5 - (14 - 18)) + (-23 - -34).
17
What is the value of -13 - 19 - (38 - 105)?
35
56 + -131 + 51 + 42
18
What is the value of 21 + (18 + -19 - -17) + -6?
31
What is 16 + -3 + -75 + 63 - (36 + -2 + -4)?
-29
Calculate -122 - -114 - (-2 + -49 + 2 + 6).
35
Evaluate -2 - 30 - (184 + -19 - 55).
-142
What is (18 + 11 + -6 - 70) + -4?
-51
What is the value of 46 - ((-15 - (-20 - -13)) + 12)?
42
What is (-18 - (1 + -2)) + (34 - (90 - 45))?
-28
What is 47 + (-24 - -1) - 26?
-2
Evaluate (0 - -68) + 1983 + -2141.
-90
What is -3 + -2 - (11 - (224 + -137))?
71
-58 - (-55 - (-75 + 59))
-19
Evaluate (21 - (-7 - -8)) + -5 + (-1 - -3) + -11.
6
What is 329 + -318 + -17 + (3 - 1) - 19?
-23
What is the value of -1 + -51 + (-57 + 22 - -35 - -2)?
-50
8 + (-8 - -3) - (-102 + 67)
38
What is the value of (-1 - (6 + 0 + -11)) + -46 - (2 + -15)?
-29
Calculate (49 - (14 - (-17 - -3))) + 4.
25
What is -6 - (-2 + -34 - -8) - (-11 + 16) - -6?
23
What is the value of -1 + -17 - (-3560 + 3603)?
-61
What is 104 - (-62 + 80 - -55)?
31
Calculate 5 - (-13 - (-14 - 12)) - (-74 + 1).
65
What is the value of 141 - 22 - 152 - 40?
-73
Calculate 25 - (-72 - -20 - 12 - 11).
100
What is the value of 535 + -502 + (-83 - -4)?
-46
Calculate 513 + -456 + -1 + -51.
5
What is -17 + (-3 - 1 - -37) + (-885 - -863)?
-6
Calculate -16 - -28 - (-158 + 198).
-28
Evaluate -59 + (-3 - 104) + 199.
33
Evaluate (-39 - 1) + (9 - (-8 + (-10 - -13) - -24)).
-50
Evaluate -84 + 5 + 15 - (-2 - 1 - (10 + -6)).
-57
What is -41 + 2 - (10 + 112 + -236)?
75
-43 - (-36 + 151 + -109)
-49
Evaluate 27 - (-39 - (-36 - 21)).
9
What is 17 + 83 + -72 + 102?
130
What is the value of (0 - 47 - (-934 + 897)) + (2 - -62)?
54
Evaluate 28 + -57 + 61 + -78.
-46
What is the value of -1 - (3 + 0 - 8) - (-8 + 28 + -3)?
-13
-40 - ((46 + -22 - 40) + -7)
-17
Evaluate -6 - (0 + 1 + 1 + (-130 - -84)).
38
Evaluate 9 + 1 + -10 + 54 + -57.
-3
Calculate (-1 - -10) + 1 - (-1909 + 1906) - 11.
2
(14 - 31) + 0 + 29 + (-1 - -18)
29
What is (8 - (-22 + 21)) + -59?
-50
What is the value of -9 - (78 - (1 - -4 - (-16 - 30 - -45)))?
-81
What is 6 - ((-1 - -5) + (-15 + 18 + -2 - -6))?
-5
Evaluate -19 + (31 - (24 + 19)).
-31
Evaluate -18 - (-24 + 2 - 17).
21
What is -70 - (-123 + -5 + 114)?
-56
Calculate -148 - (-206 + (-113 - -148)).
23
Evaluate -7 - -1 - (1 + -11 + 112 + -166).
58
Evaluate 52 + -11 + (-770 - -645).
-84
Calculate 9668 + -9808 + (68 - 1).
-73
What is -37 + -25 - (-47 + 5)?
-20
What is the value of (16 - -3 - (-275 - -280)) + 26?
40
(3 - 2) + ((8 - (11 - 16)) + 33 - -14)
61
What is 2 + (0 - 1) - -15 - (-606 + 607)?
15
Calculate -13 + 21 - -7 - 30 - -53.
38
Calculate 284 + 235 - 399 - (3 - 2 - (9 + -1)).
127
Calculate (-38 - (-55 - -72)) + 40.
-15
Calculate (6 - 0) + (66 - 117).
-45
-133 - -148 - (15 + -3)
3
Calculate 1 - -10 - (41 - (-27 + 49) - 20) - 35.
-23
Evaluate 17 - 44 - -45 - (-2 - -20).
0
Evaluate (239 - 222) + (-24 - -1) - (-50 + 4).
40
Evaluate (-6 + 17 - 19) + -4 + 9 + 4.
1
What is -85 - (15 + 21 - (-23 + 48 + -14))?
-110
What is the value of -51 - -39 - (-19 - 14) - (-1 + -16)?
38
What is 13 + 2 + (0 + -10 - (-31 + 21))?
15
Evaluate (-80 + 102 - (1 - -1)) + 15.
35
-8 - (14 + 5 + -71 - (6 + -2 + 2))
50
-3 - (4 + (-12 - 8) + 38)
-25
Calculate 87 - ((36 + 13 - 38 - (0 + -1)) + -24).
99
Calculate -1 + -13 + 11 - (-80 - -57).
20
What is the value of -9 + -24 + 16 + (10 + -7 - -7)?
-7
What is the value of 10 - (-4 + 34 - (-204 - -181))?
-43
Calculate (-273 + 252 - (-1 + -18)) + 24.
22
What is the value of -20 + 9 + -41 + 32?
-20
-74 + -58 + (114 - -1)
-17
What is the value of -176 - 14 - -231 - (1 - (4 + -1))?
43
What is (0 + 88 - 4) + (2 - 17)?
69
Calculate 42 + (9 + -7 - (-8 - (-3 + -6))).
43
(45 - (-5 - -4)) + 355 + -380
21
Evaluate (-296 - -333) + (4 - (-1 - -26)).
16
What is 19 + -7 - (15 - 18 - -67) - 13?
-65
99 + (-48 - -28) + -92
-13
Calculate -34 + -124 + 79 - -82.
3
What is -2 - -14 - ((122 - 167) + (-1 - -141))?
-83
Calculate 35 - (3 - (-76 + 15)).
-29
Evaluate -192 - -8 - (-201 + 62).
-45
-49 + 6 + -10 + (9 - 13 - (-12 - 0))
-45
Evaluate 1 + -10 - ((-10 - -18) + -29) - (15 + 1).
-4
(-2 + 0 - (-21 - (-16 + 7))) + -20
-10
(-1 - 11) + (-4 - (-35 + 13 + -18))
24
What is the value of (-58 - ((7 - 22) + 30)) + -11?
-84
What is -129 + 177 + -96 + 145?
97
What is -77 + 98 + (-95 - -44)?
-30
What is 56 - (-4 + (-11 - (-16 - -8)) + 13)?
50
What is the value of (-18 - -1) + 1527 + -1563?
-53
(20 + 7 + -9 - 9) + 0 + 5
14
Calculate -4 + (5 - 5 - (-3 + 4 + 24)).
-29
What is 19 + -57 + 31 + (-4 - (-16 - -2)) + -41?
-38
What is the value of 25 + (-29 - -36) + (-8 - 1) + 18?
41
Evaluate -4 - (-1 + 2 + (-24 - (-14 + -25) - 6)).
-14
What is -27 + (7 + -5 + (16 + -5 - 2) - 2)?
-18
Evaluate 4 - 71 - (-45 + (50 - 14)).
-58
What is the value of 18 - (19 + (11 + -12 - -3))?
-3
(29 - (-27 + 31) - -22) + (1 - -1)
49
What is the value of -6 - (-3 - 29 - -40 - (68 - (4 + -1)))?
51
45 - (133 - 73) - 47
-62
What is (-1 - 1 - (-6 + 1)) + (-171 - -166)?
-2
Calculate 10 + (-8 - (-19 + -11) - 25).
7
12 + -12 + 27 - (11 - -20)
-4
What is (161 - 139) + (1 - 13) + -19 - -66?
57
Calculate (30 - (88 - 45)) + (-25 + 0 - 3).
-41
32 + (55 - (-66 + 82))
71
What is the value of (-5 + -2 - ((2 - 112) + 48)) + -6?
49
What is -1 - -3 - -5 - (-5 - 5 - (-10 + 14))?
21
Evaluate (2 - -8) + -11 + (23 - 8 - 9).
5
Calculate -57 - (-4 + 5) - (1322 + -1341).
-39
Evaluate -70 + -5 + (-651 - -686).
-40
Calculate -1 + 0 + (27 - (30 - 10)).
6
What is the value of -75 + (-11 - (-12 - (-5 - -6)) - -3)?
-70
What is (53 - (-3 - -38)) + (3 - 6)?
15
What is the value of (13 - 6) + -1 - (-70 - -83)?
-7
What is the value of -20 + (29 - 1) + -12 - 24?
-28
52 - (60 + -42 - (-5 + 17))
46
-40 - (-4 - -4) - (81 - 37 - 43)
-41
Evaluate -39 - (-2 - -1) - -1 - (8 - 7).
-38
5 - -1 - (-40 + 41 + -19) - -9
33
What is 21 + -6 + -32 + 9 + -27?
-35
Evaluate -10 + -68 + (37 + -9 - 2).
-52
4 + -72 + (2 - -9) + -2 + 1
-58
What is the value of (-604 - -617) + (-2 + -2 + 0 - 69)?
-60
What is the value of 13 + (19 + -8 - 53) + 26 + -2 + -9?
-14
Evaluate -4 + 1 + -31 - (7 + -4 - 8) - -4.
-25
-10 - (-2 + -10) - (5 + -15)
12
Evaluate (-14 - (7 + -37 + 14)) + (1 - 9).
-6
What is -21 - (-54 + (-12 - -45))?
0
(-1 + -3 - -4) + 0 + (-60 - -114)
54
-2 + ((-23 - 16) + 17 - -12)
-12
What is the value of -111 - -171 - (97 - 1)?
-36
5 + 17 + (-59 - (34 + -13))
-58
5 - -126 - (73 - -38)
20
Calculate -8 + 66 + (7 - 17) + 8.
56
What is the value of 367 - 385 - (26 - -11)?
-55
-11 + -133 + 31 + 29
-84
What is the value of 139 - (121 + -107 + 9)?
116
Evaluate (9 - ((13 - 22) + 14 - 6)) + -63.
-53
Evaluate 1 + (-13 - -101 - 19 - (2 + (-18 - -3))).
83
(-5 - -54) + 5 + -9 + 0 + (11 - 0)
56
(1 - 74) + (-19 + -20 - -47) + (-37 - -25)
-77
Evaluate 12 + (2 - -1) + -14 + (-3 - -32).
30
(55 - 2) + -5 + 106 + -132
22
What is the value of (19 - 16 - -8) + (1 - 25)?
-13
What is 124 - (-59 - (23 - 155))?
51
(1 - -45) + (25 - 24) - (302 + -300)
45
Calculate 12 + 39 + -71 - (-4 + 2 + 11).
-29
What is the value of -4368 + 4323 - (-115 + -4)?
74
What is (-22 - (-44 + 13) - -61) + (-9 - 0)?
61
What is the value of 22 - (-5 - 0 - -8) - (48 + 12)?
-41
(3 - -8 - 1) + -2 + 75 + -9 + 0
74
What is the value of -25 + 30 - 1 - -16 - (-7 + -4)?
31
What is (-24 - 5) + -2 - -39?
8
What is 132 + -231 + (21 - 3)?
-81
Calculate -11 + 26 + (1 - (-4 + 3 + 7)) - -29.
39
114 - 81 - (25 + -10)
18
What is -30 + 16 - 81 - (-4 + 4 + 8 + -14)?
-89
Calculate -6 + 4 - (-111 + 38 + (12 - 34)).
93
What is the value of -20 + (40 - 1